t is the units digit of q(-1)?
0
What is the thousands digit of (-6)/(-1 + (-8112)/(-8148))?
1
Suppose -7235 = -39*n + 4114. What is the tens digit of n?
9
Let t(n) = -5*n**3 + 23*n**2 - 9*n + 10. Let s(x) = -6*x**3 + 24*x**2 - 8*x + 9. Let q(m) = 4*s(m) - 5*t(m). What is the tens digit of q(19)?
3
Let s(u) = 3*u**2 - 35*u - 97. What is the tens digit of s(-3)?
3
Let b(h) = -7*h**2 - 12*h + 16. Let q be b(16). What is the tens digit of (-20)/(-8)*(q/(-15))/4?
8
Suppose 21*a - 20350 = -4*a. What is the hundreds digit of a?
8
Let g be -6*(6/(-4) - -1). Suppose 0 = 4*r - 3*i - g, 0*r - 15 = -2*r - 3*i. Suppose r*v - 71 = -4*j, -4*v + 3*j + 105 = -2*j. What is the units digit of v?
5
Suppose 4*b = 2*m + 86, 35 = 2*b - b + 4*m. Let f = b + 46. What is the tens digit of f?
6
Let y(s) = 3*s**2 - 23*s - 31. Let a(p) = -8*p**2 + 69*p + 92. Let x(f) = -4*a(f) - 11*y(f). What is the units digit of x(-18)?
3
Suppose -3*h = -f - 3307, 3*h - 3382 = -4*f - 95. What is the units digit of h?
1
Let v(k) = 2*k**2 - 38*k - 17. What is the hundreds digit of v(-9)?
4
Let j be (-5)/(-3)*6/2. Suppose -s + 2*s = j. What is the units digit of (s - 1)/((-9)/(-63))?
8
Let q(i) = -7*i**3 + 3*i**2 - 43*i - 30. What is the units digit of q(-6)?
8
Suppose -7855 = 14*p - 46621. What is the thousands digit of p?
2
Let s = 1488 - 656. What is the hundreds digit of s?
8
Let c be (2 - (-5 - -258))/1. What is the units digit of c/(-2) - (-10)/(-4)?
3
Suppose -2*s = 10, 0*s = -4*l + 5*s + 5. What is the tens digit of ((-21)/6 + 1)*160/l?
8
Suppose 5*r + 2*l - 2187 = 0, -4*r = l - 560 - 1189. Let p = r - 249. What is the hundreds digit of p?
1
Suppose 40*m - 60214 = 6*m. What is the tens digit of m?
7
Suppose 0 = 7*k - 8989 + 435. What is the thousands digit of k?
1
Suppose 26865 = 75*h - 60*h. What is the tens digit of h?
9
Let c = 5258 + -3137. What is the thousands digit of c?
2
Let k(z) = 3*z**2 + 17*z + 7. Let j be k(-7). Suppose -j*u = -29*u - 636. What is the hundreds digit of u?
1
Suppose r = 2*c - 4*c + 8, 5*r = 3*c + 1. Suppose r*k + d = 241, 0*k - 4*d - 98 = -k. What is the tens digit of k?
1
Suppose 2*z + 5 = 4*a + 223, -z - 5*a = -137. What is the units digit of z?
7
Suppose -2 = -7*z + 5*z. Suppose -5*l = 11 - z. Let s(i) = 5*i**2 - i - 2. What is the tens digit of s(l)?
2
Suppose 0 = c - 3*y - 6, c = -3*c + 4*y - 16. What is the units digit of 14/(-4)*(c + -9)?
3
Let d = 390 + 7. What is the hundreds digit of d?
3
Suppose 11 + 12 = i. Suppose 5*h - 10*h + 20 = 0. Suppose -i - 97 = -h*r. What is the units digit of r?
0
Let o(p) = -p + 2. Let m be o(0). Suppose 0 = 2*b + b - 15. Suppose -b*u + 4*z + 46 = 0, m*u - z = -6*z - 8. What is the units digit of u?
6
Let s(c) = -452*c + 8. Let v be s(-1). Suppose 46*l = 50*l - v. What is the hundreds digit of l?
1
Let z = -32 + 26. What is the tens digit of z/27 + (-2852)/(-36)?
7
Suppose 21*k - 58*k + 74 = 0. Let t be (-51)/(-15) - (-2)/(-5). Suppose 0*j - 97 = -k*u - t*j, 5*j = u - 16. What is the units digit of u?
1
Suppose 0 = 5*x - x - 5*z - 8, -3*z + 2 = x. Let a(g) = g**x + g**2 + 2*g - g - 9*g. What is the tens digit of a(5)?
1
Let p = 218 - 141. Let s = p - -7. What is the tens digit of s?
8
Suppose 3*p - 1095 + 9 = 0. What is the units digit of p?
2
Let o(u) = 2*u + 6. Let a be o(-6). Let j(h) = h**2 + 4*h + 4. Let g(q) = 3*q**2 + 13*q + 11. Let n(l) = -4*g(l) + 11*j(l). What is the tens digit of n(a)?
1
Suppose -5*f + f - 114 = -2*m, -5*m + 318 = f. Let j be m*(-1 - (-5)/3). Let d = j + -11. What is the tens digit of d?
3
Suppose -5589 = -2*w - 5*v, 0 = 4*w - 3*v + 5*v - 11186. What is the tens digit of w?
9
Let c(k) = 30*k + 65. What is the tens digit of c(3)?
5
Suppose -n - 210 = -1591. What is the tens digit of n?
8
What is the units digit of 3/2 + ((-64974)/(-28) - -10)?
2
Suppose 0*q - 5*v = -q - 13, 5*q + 5*v - 25 = 0. Let n = 155 + -291. What is the units digit of n/q*2/(-4)?
4
Suppose -12969 = -52*y + 8715. What is the units digit of y?
7
Suppose 0*i = -4*i + 3*x + 9324, 3*i - x = 6988. What is the thousands digit of i?
2
Let v(a) be the third derivative of -88*a**4/3 - 2*a**3/3 - 9*a**2. Let n be v(2). What is the tens digit of n/(-52) + 6/(-39)?
2
Let x(k) be the third derivative of k**6/120 - k**5/60 + k**4/24 - k**3/3 - 18*k**2. What is the tens digit of x(4)?
5
Let p be 195/(-9) + (-4)/(-6). What is the tens digit of (-660)/p - (-12)/21?
3
What is the units digit of 7/(-14)*3/6*-580?
5
Let b(u) = u**3 + 6*u**2 + 31*u + 43. What is the units digit of b(15)?
3
Suppose -3*w + 4 + 2 = 0. Suppose a + 3*h = w*h + 75, 0 = -3*a + 2*h + 225. What is the units digit of a?
5
Let v be 96/30*5/2. Let h be (1 + 9)/(16/v). Suppose k = q + 14, k + h*q = 13 + 1. What is the tens digit of k?
1
Let x(q) = 3*q**2 - 3*q + 2. Let l be x(1). Suppose p = 2*a + 23, a - 35 = -l*p + p. What is the units digit of p?
1
Let r(q) = 3*q - 36. Let s be r(13). Suppose 5*b + 227 = s*l + 85, -2*l = 5*b - 78. What is the tens digit of l?
4
Let p be ((-1808)/(-12)*-3)/(-2). Suppose s + 56 = 5*z - 222, s - p = -4*z. What is the units digit of z?
6
Let v(a) = a**2 - 8*a - 1. Let h = -18 - -27. What is the units digit of v(h)?
8
Let q = -25 + 47. What is the units digit of q?
2
Suppose 0 = 3*f + 5 - 11. Suppose -3*i + 511 = s, -4*i + f*s + 3*s + 713 = 0. What is the tens digit of i/6*6/4?
4
Suppose -5*l + 4 + 21 = 0. Suppose 3*k - 23 = 2*k - l*a, -4*a + 40 = 2*k. Let s = k + -5. What is the units digit of s?
3
Let x = 3 + -3. Let m(d) = -5*d - d + x*d**2 - 7 - 2*d - d**2. What is the units digit of m(-5)?
8
What is the units digit of (-1)/(-2)*10*(-1969)/(-55)?
9
Let z be (-1)/2 - 30/(-20). Let d be (-8 + 9)*(39 + z). Suppose -5*i + 3*i + d = 0. What is the units digit of i?
0
Let s = 883 - 580. Let q = s + -209. What is the tens digit of q?
9
Let z be (-12)/5 - 6/10. Let v(k) = -k**3 - k**2 + 3*k - 2. What is the units digit of v(z)?
7
Let o(f) = 3*f**2 + 9*f + 9. Let h be (-67)/(-4) - 9/(-36). Let w = h - 22. What is the tens digit of o(w)?
3
What is the thousands digit of -7 - (-7*7059)/13?
3
Suppose 68*i - 376754 = -53278. What is the tens digit of i?
5
Suppose -5*q + 36 = 4*z - z, q = -5*z + 16. Suppose -2*y - 3*y = -3*c - 166, -3*c - q = 0. What is the tens digit of y?
3
Let d = -95 - -286. What is the tens digit of d?
9
Let z = -430 - -1106. What is the tens digit of z?
7
Let u(f) = f**2 + 10*f + 38. What is the tens digit of u(-29)?
8
What is the tens digit of ((-4)/16)/(2/(-488))?
6
Let z(p) = -2*p + 3. Suppose 4*x - 1 = 3. Let f be z(x). What is the tens digit of f + (-1)/(-1) + 23?
2
Suppose -4*k + 4 = 5*r - 2, -4*k + 4 = 4*r. Let q be 8/8 - (k - 4). Let c(y) = y**3 - 5*y**2 - 2*y. What is the units digit of c(q)?
4
Suppose -3*z + 5*y = 4*y - 2017, 679 = z + 3*y. What is the units digit of z?
3
Let t(y) = -10*y + 67. What is the tens digit of t(-5)?
1
Let z = -1379 - -4728. Suppose 15*u + 469 = z. What is the tens digit of u?
9
Let j(o) = o**2 + 5*o + 23. Let d(q) = 2*q - 20. Let f be d(5). What is the tens digit of j(f)?
7
Let k(p) = p**3 + 3*p**2 - p. Suppose -9 = 3*c + 9. Let q = 8 + c. What is the tens digit of k(q)?
1
Suppose -5*g = 4*z + 377, -3*z + 107 - 351 = -4*g. Let w = z - -155. What is the tens digit of w?
6
Let a(b) = -b**2 - 2*b + 3. Let z be a(3). Let k(d) = -d**3 - 13*d**2 - 11*d + 12. Let h be k(z). Suppose -2*l + 90 = -h*l. What is the tens digit of l?
4
Suppose -3*m + 627 = -573. What is the units digit of m?
0
Let j(p) = -p**2 + 9*p - 9. Let q be j(7). Let z(y) = 17*y**2. Let h(i) = 18*i**2. Let v(t) = q*z(t) - 4*h(t). What is the tens digit of v(1)?
1
Suppose 1868 = 6*w + 38. What is the units digit of w?
5
Let o = 126 - 126. Let h(a) = -a**3 - a**2 + 6*a + 277. What is the units digit of h(o)?
7
Suppose 35*g = 32*g + 2130. What is the units digit of g?
0
Let r = 531 - -940. What is the tens digit of r?
7
Let j = 253 - 173. Suppose -5*c - 206 = -2*x + 6, -156 = 4*c - 5*x. Let q = j + c. What is the tens digit of q?
3
Let f(h) = 3*h**2 - 9*h + 25. What is the units digit of f(18)?
5
Suppose 5*v = v - 3*f + 1763, 1773 = 4*v + 5*f. What is the units digit of v?
7
Let s = 90 - 60. Let z = -21 + s. What is the units digit of z?
9
Let g(a) = -2*a - a + 4*a + 6. Let q be g(-4). Suppose -2 = -q*l + 12. What is the u